f 10207 and 59?
59
Calculate the greatest common divisor of 6 and 282.
6
What is the greatest common factor of 58848 and 96?
96
Calculate the greatest common factor of 84 and 7476.
84
Calculate the greatest common divisor of 17 and 391.
17
Calculate the highest common factor of 66 and 3.
3
Calculate the greatest common factor of 14 and 105.
7
Calculate the greatest common divisor of 5658 and 322.
46
Calculate the greatest common factor of 222 and 111.
111
What is the highest common divisor of 16 and 64?
16
What is the greatest common factor of 686 and 18326?
98
What is the highest common factor of 123 and 164?
41
What is the greatest common factor of 7574 and 70?
14
What is the highest common divisor of 5 and 90?
5
What is the highest common factor of 1 and 250?
1
Calculate the greatest common divisor of 40 and 90.
10
What is the greatest common divisor of 168 and 39?
3
What is the greatest common divisor of 26 and 29471?
13
Calculate the highest common factor of 70 and 50.
10
Calculate the greatest common factor of 21 and 5649.
21
What is the greatest common divisor of 18 and 63?
9
Calculate the highest common divisor of 126 and 70.
14
What is the highest common divisor of 239 and 7648?
239
Calculate the highest common factor of 50 and 240.
10
Calculate the greatest common divisor of 7135 and 5.
5
What is the highest common divisor of 429 and 264?
33
What is the highest common divisor of 184 and 32?
8
Calculate the highest common divisor of 16 and 122.
2
Calculate the highest common divisor of 23 and 141.
1
What is the greatest common divisor of 1017 and 18?
9
Calculate the highest common divisor of 1583 and 1.
1
What is the greatest common divisor of 7892 and 2?
2
Calculate the greatest common divisor of 75 and 10.
5
What is the greatest common factor of 1070 and 8?
2
Calculate the highest common divisor of 308 and 748.
44
Calculate the highest common factor of 187 and 143.
11
What is the greatest common factor of 450 and 54?
18
Calculate the greatest common divisor of 35 and 805.
35
What is the highest common factor of 110 and 2270?
10
Calculate the highest common factor of 6 and 3382.
2
Calculate the highest common divisor of 399 and 57.
57
Calculate the highest common divisor of 77 and 2563.
11
Calculate the greatest common factor of 282 and 6.
6
Calculate the greatest common factor of 225 and 175.
25
Calculate the highest common divisor of 14 and 122.
2
What is the highest common factor of 765 and 720?
45
What is the greatest common factor of 66075 and 75?
75
Calculate the greatest common factor of 12 and 18.
6
Calculate the highest common divisor of 12 and 27600.
12
Calculate the highest common divisor of 246 and 6.
6
What is the highest common factor of 60 and 2490?
30
Calculate the highest common factor of 7 and 343.
7
What is the highest common divisor of 8394 and 6?
6
Calculate the highest common divisor of 640 and 540.
20
Calculate the greatest common factor of 1176 and 9492.
84
What is the highest common factor of 12 and 69?
3
Calculate the greatest common divisor of 20 and 100.
20
Calculate the greatest common factor of 8694 and 63.
63
Calculate the greatest common divisor of 192 and 6.
6
What is the greatest common divisor of 115 and 46?
23
What is the greatest common factor of 21 and 777?
21
What is the highest common factor of 30604 and 28?
28
Calculate the highest common divisor of 1 and 23.
1
Calculate the highest common divisor of 18 and 882.
18
What is the highest common divisor of 36 and 1788?
12
Calculate the highest common divisor of 192 and 12.
12
What is the highest common divisor of 26 and 2561?
13
What is the highest common divisor of 264 and 12024?
24
Calculate the highest common divisor of 1736 and 1624.
56
Calculate the greatest common factor of 220 and 40.
20
Calculate the greatest common factor of 10 and 140.
10
Calculate the greatest common divisor of 28 and 252.
28
What is the greatest common divisor of 70 and 2870?
70
What is the highest common divisor of 141 and 235?
47
Calculate the highest common divisor of 5 and 41695.
5
What is the highest common divisor of 266 and 14?
14
Calculate the greatest common divisor of 635 and 2921.
127
What is the highest common divisor of 1100 and 300?
100
Calculate the highest common factor of 2278 and 402.
134
Calculate the greatest common divisor of 48 and 597.
3
What is the greatest common factor of 13 and 169?
13
Calculate the greatest common divisor of 484 and 4.
4
What is the highest common divisor of 104 and 793?
13
Calculate the greatest common divisor of 84 and 3612.
84
Calculate the highest common factor of 5952 and 256.
64
Calculate the highest common divisor of 60 and 195.
15
What is the greatest common factor of 19602 and 12?
6
What is the highest common factor of 2896 and 543?
181
Calculate the highest common divisor of 114 and 29298.
114
Calculate the greatest common factor of 109 and 1417.
109
What is the greatest common factor of 33 and 66?
33
What is the highest common divisor of 735 and 840?
105
Calculate the highest common factor of 105 and 189.
21
What is the greatest common factor of 3162 and 476?
34
What is the highest common divisor of 672 and 462?
42
What is the greatest common factor of 76 and 247?
19
Calculate the greatest common factor of 286 and 66.
22
Calculate the highest common factor of 836 and 132.
44
Calculate the greatest common factor of 405 and 705.
15
What is the highest common factor of 50 and 1225?
25
What is the highest common factor of 259 and 1591?
37
What is the highest common divisor of 3196 and 204?
68
What is the highest common factor of 208 and 156?
52
What is the highest common factor of 260 and 60?
20
What is the greatest common divisor of 10 and 80?
10
What is the greatest common factor of 332 and 83?
83
Calculate the greatest common divisor of 396 and 55.
11
What is the greatest common factor of 2150 and 86?
86
Calculate the highest common factor of 46 and 9154.
46
Calculate the greatest common divisor of 96 and 344.
8
Calculate the highest common factor of 24 and 184.
8
What is the greatest common divisor of 61 and 549?
61
Calculate the greatest common divisor of 5360 and 80.
80
Calculate the greatest common divisor of 4154 and 134.
134
What is the greatest common divisor of 740 and 51430?
370
Calculate the greatest common factor of 2480 and 320.
80
Calculate the greatest common factor of 160 and 35.
5
Calculate the highest common factor of 909 and 202.
101
Calculate the greatest common divisor of 22 and 6446.
22
What is the greatest common divisor of 42 and 2814?
42
Calculate the greatest common factor of 11 and 8019.
11
What is the highest common divisor of 384 and 4128?
96
What is the greatest common factor of 57 and 1710?
57
What is the highest common divisor of 46 and 5750?
46
What is the highest common factor of 30 and 110?
10
Calculate the highest common factor of 1 and 691.
1
What is the highest common factor of 34 and 2176?
34
Calculate the highest common divisor of 1827 and 63.
63
Calculate the highest common divisor of 560 and 1246.
14
Calculate the highest common factor of 23 and 184.
23
Calculate the greatest common factor of 2090 and 10.
10
What is the highest common divisor of 99 and 37554?
33
What is the greatest common factor of 60 and 132?
12
Calculate the greatest common factor of 111 and 1147.
37
Calculate the highest common factor of 255 and 85.
85
Calculate the highest common divisor of 212 and 265.
53
What is the highest common divisor of 20 and 230?
10
What is the highest common factor of 1024 and 64?
64
What is the greatest common divisor of 120 and 1704?
24
What is the greatest common factor of 531 and 1239?
177
What is the highest common factor of 54 and 18?
18
What is the greatest common factor of 194 and 97?
97
Calculate the greatest common divisor of 56 and 42.
14
What is the highest common divisor of 23 and 644?
23
What is the greatest common factor of 567 and 7?
7
What is the greatest common divisor of 243 and 18?
9
Calculate the highest common factor of 462 and 6594.
42
Calculate the greatest common divisor of 640 and 40.
40
What is the greatest common divisor of 182 and 28?
14
What is the greatest common factor of 52 and 4?
4
Calculate the greatest common factor of 10 and 4160.
10
W